{"id":41,"date":"2023-04-24T17:46:13","date_gmt":"2023-04-24T15:46:13","guid":{"rendered":"https:\/\/lagrangedeturpenay.fr\/?page_id=41"},"modified":"2025-06-28T15:07:26","modified_gmt":"2025-06-28T13:07:26","slug":"tourisme","status":"publish","type":"page","link":"https:\/\/lagrangedeturpenay.fr\/?page_id=41&lang=fr","title":{"rendered":"Tourisme"},"content":{"rendered":"\n<h2 class=\"wp-block-heading\"><a href=\"https:\/\/www.azay-chinon-valdeloire.com\/nos-tops-idees-pour-un-sejour-reussi\/\" title=\"\">https:\/\/www.azay-chinon-valdeloire.com\/nos-tops-idees-pour-un-sejour-reussi\/<\/a><\/h2>\n\n\n\n<h2 class=\"wp-block-heading\"><a href=\"https:\/\/www.azay-chinon-valdeloire.com\/carte-interactive\/\" title=\"\">https:\/\/www.azay-chinon-valdeloire.com\/carte-interactive\/<\/a><\/h2>\n\n\n\n<figure class=\"wp-block-image size-large is-style-rounded\"><img loading=\"lazy\" decoding=\"async\" width=\"1024\" height=\"658\" src=\"http:\/\/lagrangedeturpenay.fr\/wp-content\/uploads\/2023\/04\/1-VACA1-1400x900-1-1024x658.jpg\" alt=\"\" class=\"wp-image-60\" srcset=\"https:\/\/lagrangedeturpenay.fr\/wp-content\/uploads\/2023\/04\/1-VACA1-1400x900-1-1024x658.jpg 1024w, https:\/\/lagrangedeturpenay.fr\/wp-content\/uploads\/2023\/04\/1-VACA1-1400x900-1-600x386.jpg 600w, https:\/\/lagrangedeturpenay.fr\/wp-content\/uploads\/2023\/04\/1-VACA1-1400x900-1-300x193.jpg 300w, https:\/\/lagrangedeturpenay.fr\/wp-content\/uploads\/2023\/04\/1-VACA1-1400x900-1-768x494.jpg 768w, https:\/\/lagrangedeturpenay.fr\/wp-content\/uploads\/2023\/04\/1-VACA1-1400x900-1.jpg 1400w\" sizes=\"auto, (max-width: 1024px) 100vw, 1024px\" \/><\/figure>\n\n\n\n<p>Entre Azay-le-Rideau et Chinon, la r\u00e9gion offre une richesse d\u2019activit\u00e9s et de d\u00e9couvertes pour tous les go\u00fbts. Les amateurs d\u2019histoire et de patrimoine seront combl\u00e9s par la visite de ch\u00e2teaux embl\u00e9matiques comme Azay-le-Rideau, chef-d\u2019\u0153uvre de la Renaissance entour\u00e9 de jardins romantiques, ou encore le ch\u00e2teau de l\u2019Islette, c\u00e9l\u00e8bre pour avoir accueilli Rodin et Camille Claudel. Les passionn\u00e9s de nature pourront explorer les vall\u00e9es verdoyantes, les sites troglodytiques, ou profiter de balades en cano\u00eb, kayak ou paddle la Loire et les rivi\u00e8res du coin. De nombreux itin\u00e9raires de randonn\u00e9e \u00e0 pied ou \u00e0 v\u00e9lo traversent vignobles, for\u00eats et villages pittoresques, comme Crissay-sur-Manse, class\u00e9 parmi les plus beaux de France. La r\u00e9gion est \u00e9galement r\u00e9put\u00e9e pour ses march\u00e9s anim\u00e9s, ses ateliers d\u2019artisanat local, ses d\u00e9gustations de vins de Loire et ses sp\u00e9cialit\u00e9s gastronomiques \u00e0 d\u00e9couvrir chez les producteurs ou lors d\u2019ateliers d\u2019\u0153nologie. Enfin, vous pourrez appr\u00e9cier les mus\u00e9es, les jardins, les centres \u00e9questres et les activit\u00e9s ludiques comme les balades en trottinette ou gyropode tout-terrain, pour explorer autrement ce territoire au patrimoine exceptionnel.<\/p>\n\n\n\n<hr class=\"wp-block-separator has-alpha-channel-opacity\"\/>\n\n\n\n<p><strong>Between Azay-le-Rideau and Chinon, the region offers a wealth of activities and discoveries for all tastes. History and heritage enthusiasts will be delighted by visits to iconic castles such as Azay-le-Rideau, a Renaissance masterpiece surrounded by romantic gardens, or Ch\u00e2teau de l\u2019Islette, famous for hosting Rodin and Camille Claudel. Nature lovers can explore lush valleys, troglodyte sites, or enjoy canoeing, kayaking, or paddleboarding on the Loire and local rivers. Numerous hiking and cycling trails wind through vineyards, forests, and picturesque villages such as Crissay-sur-Manse, ranked among the most beautiful in France. The region is also renowned for its lively markets, local craft workshops, Loire Valley wine tastings, and gastronomic specialties to discover at producers\u2019 farms or during wine workshops. Finally, you can enjoy museums, gardens, equestrian centers, and fun activities such as off-road scooter or Segway tours, offering a different way to explore this area with its exceptional heritage.<\/strong><\/p>\n","protected":false},"excerpt":{"rendered":"<p>https:\/\/www.azay-chinon-valdeloire.com\/nos-tops-idees-pour-un-sejour-reussi\/ https:\/\/www.azay-chinon-valdeloire.com\/carte-interactive\/ Entre Azay-le-Rideau et Chinon, la r\u00e9gion offre une richesse d\u2019activit\u00e9s et de d\u00e9couvertes pour tous les go\u00fbts. Les amateurs d\u2019histoire et de patrimoine seront combl\u00e9s par la visite de ch\u00e2teaux embl\u00e9matiques comme Azay-le-Rideau, chef-d\u2019\u0153uvre de la Renaissance entour\u00e9 de jardins romantiques, ou encore le ch\u00e2teau de l\u2019Islette, c\u00e9l\u00e8bre pour avoir accueilli Rodin et [&hellip;]<\/p>\n","protected":false},"author":1,"featured_media":0,"parent":0,"menu_order":0,"comment_status":"closed","ping_status":"closed","template":"","meta":{"_monsterinsights_skip_tracking":false,"_monsterinsights_sitenote_active":false,"_monsterinsights_sitenote_note":"","_monsterinsights_sitenote_category":0,"ngg_post_thumbnail":0,"vkexunit_cta_each_option":"","footnotes":""},"class_list":["post-41","page","type-page","status-publish","hentry"],"aioseo_notices":[],"_links":{"self":[{"href":"https:\/\/lagrangedeturpenay.fr\/index.php?rest_route=\/wp\/v2\/pages\/41","targetHints":{"allow":["GET"]}}],"collection":[{"href":"https:\/\/lagrangedeturpenay.fr\/index.php?rest_route=\/wp\/v2\/pages"}],"about":[{"href":"https:\/\/lagrangedeturpenay.fr\/index.php?rest_route=\/wp\/v2\/types\/page"}],"author":[{"embeddable":true,"href":"https:\/\/lagrangedeturpenay.fr\/index.php?rest_route=\/wp\/v2\/users\/1"}],"replies":[{"embeddable":true,"href":"https:\/\/lagrangedeturpenay.fr\/index.php?rest_route=%2Fwp%2Fv2%2Fcomments&post=41"}],"version-history":[{"count":9,"href":"https:\/\/lagrangedeturpenay.fr\/index.php?rest_route=\/wp\/v2\/pages\/41\/revisions"}],"predecessor-version":[{"id":222,"href":"https:\/\/lagrangedeturpenay.fr\/index.php?rest_route=\/wp\/v2\/pages\/41\/revisions\/222"}],"wp:attachment":[{"href":"https:\/\/lagrangedeturpenay.fr\/index.php?rest_route=%2Fwp%2Fv2%2Fmedia&parent=41"}],"curies":[{"name":"wp","href":"https:\/\/api.w.org\/{rel}","templated":true}]}}