{"id":188,"date":"2025-06-28T12:50:48","date_gmt":"2025-06-28T10:50:48","guid":{"rendered":"https:\/\/lagrangedeturpenay.fr\/?page_id=188"},"modified":"2025-07-05T15:36:28","modified_gmt":"2025-07-05T13:36:28","slug":"hebergement-et-services","status":"publish","type":"page","link":"https:\/\/lagrangedeturpenay.fr\/?page_id=188&lang=fr","title":{"rendered":"H\u00e9bergement et services"},"content":{"rendered":"\n<div class=\"wp-block-group is-nowrap is-layout-flex wp-container-core-group-is-layout-ad2f72ca wp-block-group-is-layout-flex\">\n<h2 class=\"wp-block-heading\"><strong>Equipements<\/strong> \/ Amenities<\/h2>\n<\/div>\n\n\n\n<figure class=\"wp-block-image size-large is-style-vk-image-rounded\"><img loading=\"lazy\" decoding=\"async\" width=\"1024\" height=\"294\" src=\"https:\/\/lagrangedeturpenay.fr\/wp-content\/uploads\/2025\/06\/hebergement-1024x294.jpg\" alt=\"\" class=\"wp-image-213\" srcset=\"https:\/\/lagrangedeturpenay.fr\/wp-content\/uploads\/2025\/06\/hebergement-1024x294.jpg 1024w, https:\/\/lagrangedeturpenay.fr\/wp-content\/uploads\/2025\/06\/hebergement-300x86.jpg 300w, https:\/\/lagrangedeturpenay.fr\/wp-content\/uploads\/2025\/06\/hebergement-768x221.jpg 768w, https:\/\/lagrangedeturpenay.fr\/wp-content\/uploads\/2025\/06\/hebergement-1536x441.jpg 1536w, https:\/\/lagrangedeturpenay.fr\/wp-content\/uploads\/2025\/06\/hebergement-2048x588.jpg 2048w, https:\/\/lagrangedeturpenay.fr\/wp-content\/uploads\/2025\/06\/hebergement-600x172.jpg 600w\" sizes=\"auto, (max-width: 1024px) 100vw, 1024px\" \/><\/figure>\n\n\n\n<ul class=\"wp-block-list\">\n<li><strong>Literie haut de gamme<\/strong>&nbsp;\/ Premium bedding<\/li>\n\n\n\n<li><strong>Ventilateur sur pied silencieux<\/strong>&nbsp;\/ Silent standing fan<\/li>\n\n\n\n<li><strong>Chaises longes<\/strong>&nbsp;\/ Lounge chairs<\/li>\n\n\n\n<li><strong>Table \u00e0 manger et chaises<\/strong>&nbsp;\/ Dining table and chairs<\/li>\n\n\n\n<li><strong>Table basse et fauteuils<\/strong>&nbsp;\/ Coffee table and armchairs<\/li>\n\n\n\n<li><strong>Table et chaises de terrasse<\/strong>&nbsp;\/ Terrace table and chairs<\/li>\n\n\n\n<li><strong>Cafeti\u00e8re<\/strong>&nbsp;\/ Coffee maker<\/li>\n\n\n\n<li><strong>Bouilloire<\/strong>&nbsp;\/ Kettle<\/li>\n\n\n\n<li><strong>Banc de douche<\/strong>&nbsp;\/ Shower bench<\/li>\n\n\n\n<li><strong>Penderie<\/strong>&nbsp;\/ Wardrobe<\/li>\n\n\n\n<li><strong>Appareil anti-moustiques<\/strong>&nbsp;\/ Mosquito repellent device<\/li>\n\n\n\n<li><strong>Rideaux occultants<\/strong>&nbsp;\/ Blackout curtains<\/li>\n\n\n\n<li><strong>Livres et prospectus<\/strong>&nbsp;\/ Books and brochures<\/li>\n\n\n\n<li><strong>Minibar<\/strong>&nbsp;\/ Minibar<\/li>\n\n\n\n<li><strong>Assortiments de th\u00e9s, caf\u00e9, boissons fra\u00eeches<\/strong>&nbsp;\/ Assortment of teas, coffee, and cold drinks<\/li>\n\n\n\n<li><strong>TV avec Netflix<\/strong>&nbsp;\/ TV with Netflix<\/li>\n\n\n\n<li><strong>Wifi tr\u00e8s haut d\u00e9bit<\/strong>&nbsp;\/ High-speed WiFi<\/li>\n\n\n\n<li><strong>Cam\u00e9ra de surveillance parking<\/strong>&nbsp;\/ Parking surveillance camera<\/li>\n<\/ul>\n\n\n\n<div class=\"wp-block-group is-nowrap is-layout-flex wp-container-core-group-is-layout-ad2f72ca wp-block-group-is-layout-flex\">\n<h2 class=\"wp-block-heading\"><strong>M\u00e9nage et linge<\/strong> \/ Housekeeping and Linen<\/h2>\n<\/div>\n\n\n\n<figure class=\"wp-block-image size-full is-style-vk-image-rounded\"><img loading=\"lazy\" decoding=\"async\" width=\"1024\" height=\"294\" src=\"https:\/\/lagrangedeturpenay.fr\/wp-content\/uploads\/2025\/07\/banner_bed.png\" alt=\"\" class=\"wp-image-274\" srcset=\"https:\/\/lagrangedeturpenay.fr\/wp-content\/uploads\/2025\/07\/banner_bed.png 1024w, https:\/\/lagrangedeturpenay.fr\/wp-content\/uploads\/2025\/07\/banner_bed-300x86.png 300w, https:\/\/lagrangedeturpenay.fr\/wp-content\/uploads\/2025\/07\/banner_bed-768x221.png 768w, https:\/\/lagrangedeturpenay.fr\/wp-content\/uploads\/2025\/07\/banner_bed-600x172.png 600w\" sizes=\"auto, (max-width: 1024px) 100vw, 1024px\" \/><\/figure>\n\n\n\n<p><strong>Afin de pr\u00e9server l\u2019environnement et de limiter la consommation d\u2019eau, le m\u00e9nage ainsi que le changement du linge de lit et des serviettes sont effectu\u00e9s en fin de s\u00e9jour pour les r\u00e9servations de courte dur\u00e9e.<br>Si vous souhaitez un service quotidien de m\u00e9nage ou de remplacement du linge pour des besoins particuliers, merci de nous en informer lors de votre r\u00e9servation.<\/strong><\/p>\n\n\n\n<hr class=\"wp-block-separator has-alpha-channel-opacity\"\/>\n\n\n\n<p>To help protect the environment and reduce water consumption, cleaning as well as the change of bed linen and towels are carried out at the end of your stay for short-term bookings.<br>If you would like daily housekeeping or linen replacement for specific needs, please let us know when making your reservation.<\/p>\n\n\n\n<div class=\"wp-block-group is-nowrap is-layout-flex wp-container-core-group-is-layout-ad2f72ca wp-block-group-is-layout-flex\">\n<h2 class=\"wp-block-heading\"><strong>Petits d\u00e9jeuners<\/strong> \/ Breakfast<\/h2>\n<\/div>\n\n\n\n<figure class=\"wp-block-image size-full is-style-vk-image-rounded\"><img loading=\"lazy\" decoding=\"async\" width=\"1024\" height=\"294\" src=\"https:\/\/lagrangedeturpenay.fr\/wp-content\/uploads\/2025\/07\/breakfast.png\" alt=\"\" class=\"wp-image-276\" srcset=\"https:\/\/lagrangedeturpenay.fr\/wp-content\/uploads\/2025\/07\/breakfast.png 1024w, https:\/\/lagrangedeturpenay.fr\/wp-content\/uploads\/2025\/07\/breakfast-300x86.png 300w, https:\/\/lagrangedeturpenay.fr\/wp-content\/uploads\/2025\/07\/breakfast-768x221.png 768w, https:\/\/lagrangedeturpenay.fr\/wp-content\/uploads\/2025\/07\/breakfast-600x172.png 600w\" sizes=\"auto, (max-width: 1024px) 100vw, 1024px\" \/><\/figure>\n\n\n\n<p>\u00c0 votre arriv\u00e9e, du caf\u00e9, du th\u00e9, quelques petits g\u00e2teaux ainsi que des boissons fra\u00eeches sont gracieusement mis \u00e0 votre disposition.<\/p>\n\n\n\n<p><strong>Si vous souhaitez profiter d\u2019un petit d\u00e9jeuner complet (pain et viennoiseries frais, fruits de saison, fruits secs, beurre, confitures, etc.), merci de nous en faire la demande \u00e0 l\u2019avance. N\u2019h\u00e9sitez pas \u00e0 pr\u00e9ciser vos pr\u00e9f\u00e9rences (\u0153ufs, biscottes, fromage, etc.) afin de limiter le gaspillage, ainsi que l\u2019heure \u00e0 laquelle vous souhaitez recevoir votre panier petit d\u00e9jeuner.<br>Veuillez noter que, dans certains cas, des contraintes horaires peuvent s\u2019appliquer.<br>Le petit d\u00e9jeuner est propos\u00e9 au tarif de 10\u202f\u20ac par personne.<\/strong><\/p>\n\n\n\n<hr class=\"wp-block-separator has-alpha-channel-opacity\"\/>\n\n\n\n<p>Upon your arrival, complimentary coffee, tea, a selection of biscuits, and cold drinks will be provided for you.<\/p>\n\n\n\n<p>If you would like to enjoy a full breakfast (fresh bread and pastries, seasonal fruit, dried fruit, butter, jams, etc.), please let us know in advance. Feel free to specify your preferences (eggs, rusks, cheese, etc.) to help us avoid waste, as well as the time you would like your breakfast basket to be delivered.<strong><br><\/strong>Please note that, in some cases, time constraints may apply.<br>Breakfast is offered at a rate of \u20ac10 per person.<\/p>\n\n\n\n<p><\/p>\n\n\n\n<div class=\"wp-block-group is-nowrap is-layout-flex wp-container-core-group-is-layout-ad2f72ca wp-block-group-is-layout-flex\">\n<h2 class=\"wp-block-heading\"><strong>Repas<\/strong> \/ Meals<\/h2>\n<\/div>\n\n\n\n<figure class=\"wp-block-image size-full is-style-vk-image-rounded\"><img loading=\"lazy\" decoding=\"async\" width=\"1024\" height=\"294\" src=\"https:\/\/lagrangedeturpenay.fr\/wp-content\/uploads\/2025\/07\/repas.png\" alt=\"\" class=\"wp-image-278\" srcset=\"https:\/\/lagrangedeturpenay.fr\/wp-content\/uploads\/2025\/07\/repas.png 1024w, https:\/\/lagrangedeturpenay.fr\/wp-content\/uploads\/2025\/07\/repas-300x86.png 300w, https:\/\/lagrangedeturpenay.fr\/wp-content\/uploads\/2025\/07\/repas-768x221.png 768w, https:\/\/lagrangedeturpenay.fr\/wp-content\/uploads\/2025\/07\/repas-600x172.png 600w\" sizes=\"auto, (max-width: 1024px) 100vw, 1024px\" \/><\/figure>\n\n\n\n<p><\/p>\n\n\n\n<p><strong>Pour rendre votre s\u00e9jour encore plus agr\u00e9able, nous vous proposons une exp\u00e9rience culinaire familiale, ax\u00e9e avant tout sur la recherche du go\u00fbt et la convivialit\u00e9. Tous les repas sont pr\u00e9par\u00e9s par nos soins, en couple, avec des produits frais, locaux et de saison, issus en grande partie de notre potager bio ou de producteurs locaux. Notre cuisine met en valeur les sp\u00e9cialit\u00e9s r\u00e9gionales, les saveurs m\u00e9diterran\u00e9ennes, cr\u00e9oles et fran\u00e7aises, et propose \u00e9galement des options v\u00e9g\u00e9tariennes. Ici, pas de cuisine sophistiqu\u00e9e mais une table g\u00e9n\u00e9reuse et authentique, respectueuse de l\u2019environnement et de la sant\u00e9. Les repas sont livr\u00e9s directement au g\u00eete \u00e0 l\u2019horaire de votre choix, et sont disponibles uniquement sur r\u00e9servation afin de garantir fra\u00eecheur et qualit\u00e9.<\/strong><\/p>\n\n\n\n<p><\/p>\n\n\n\n<hr class=\"wp-block-separator has-alpha-channel-opacity\"\/>\n\n\n\n<p><\/p>\n\n\n\n<p>To make your stay even more enjoyable, we offer a family-style culinary experience, focused above all on flavor and conviviality. All meals are prepared by us, as a couple, using fresh, local, and seasonal products, mainly from our organic garden or local producers. Our cooking showcases regional specialties, as well as Mediterranean, Creole, and French flavors, with vegetarian options also available. This is not fine dining, but generous, authentic home cooking, always respectful of both the environment and your health. Meals are delivered directly to your g\u00eete at the time of your choice, and are available by reservation only, ensuring both freshness and quality.<\/p>\n\n\n\n<p><\/p>\n","protected":false},"excerpt":{"rendered":"<p>Equipements \/ Amenities M\u00e9nage et linge \/ Housekeeping and Linen Afin de pr\u00e9server l\u2019environnement et de limiter la consommation d\u2019eau, le m\u00e9nage ainsi que le changement du linge de lit et des serviettes sont effectu\u00e9s en fin de s\u00e9jour pour les r\u00e9servations de courte dur\u00e9e.Si vous souhaitez un service quotidien de m\u00e9nage ou de remplacement [&hellip;]<\/p>\n","protected":false},"author":1,"featured_media":0,"parent":0,"menu_order":0,"comment_status":"closed","ping_status":"closed","template":"","meta":{"_monsterinsights_skip_tracking":false,"_monsterinsights_sitenote_active":false,"_monsterinsights_sitenote_note":"","_monsterinsights_sitenote_category":0,"ngg_post_thumbnail":0,"vkexunit_cta_each_option":"","footnotes":""},"class_list":["post-188","page","type-page","status-publish","hentry"],"aioseo_notices":[],"_links":{"self":[{"href":"https:\/\/lagrangedeturpenay.fr\/index.php?rest_route=\/wp\/v2\/pages\/188","targetHints":{"allow":["GET"]}}],"collection":[{"href":"https:\/\/lagrangedeturpenay.fr\/index.php?rest_route=\/wp\/v2\/pages"}],"about":[{"href":"https:\/\/lagrangedeturpenay.fr\/index.php?rest_route=\/wp\/v2\/types\/page"}],"author":[{"embeddable":true,"href":"https:\/\/lagrangedeturpenay.fr\/index.php?rest_route=\/wp\/v2\/users\/1"}],"replies":[{"embeddable":true,"href":"https:\/\/lagrangedeturpenay.fr\/index.php?rest_route=%2Fwp%2Fv2%2Fcomments&post=188"}],"version-history":[{"count":16,"href":"https:\/\/lagrangedeturpenay.fr\/index.php?rest_route=\/wp\/v2\/pages\/188\/revisions"}],"predecessor-version":[{"id":285,"href":"https:\/\/lagrangedeturpenay.fr\/index.php?rest_route=\/wp\/v2\/pages\/188\/revisions\/285"}],"wp:attachment":[{"href":"https:\/\/lagrangedeturpenay.fr\/index.php?rest_route=%2Fwp%2Fv2%2Fmedia&parent=188"}],"curies":[{"name":"wp","href":"https:\/\/api.w.org\/{rel}","templated":true}]}}